f 21 + -4 + -2 + 3 + (-12 - -6)?
12
Calculate 7 + (-12 - 0) - (1 + -4).
-2
-16 - (-26 + -7 + 8)
9
What is -25 - (2 + -15) - -8?
-4
Calculate (-15 - -3) + -7 + 11.
-8
7 + -15 + -5 + 1 + 5 + -4
-11
Evaluate 8 - ((6 - -19) + -29).
12
Calculate -13 + (5 - 2 - -7 - 8).
-11
What is the value of 14 + -30 + (1 + 1 - -2) - 0?
-12
Evaluate 26 + (-17 - (-6 + (-5 - -1 - -2))).
17
Evaluate -4 + (3 - -11) + (-2 - (-3 - -5)).
6
Evaluate 7 + (1 - (-10 + (8 - 7) + 45)).
-28
Calculate 40 - ((-10 - (-12 - (-10 - -14))) + 3).
31
What is the value of 11 - (33 + (4 - (0 + 2)) + 4)?
-28
0 + -18 - (19 + 4 + -30)
-11
What is the value of -10 + 1 + 1 + 5?
-3
What is the value of 12 - (-21 - -44 - 27)?
16
Calculate 4 + 3 + 1 + 1 - (51 - 28).
-14
Evaluate -18 + (7 - 11) + 21.
-1
What is 0 + -7 + 2 + 0 - (-16 - -4)?
7
12 + (-30 - -16 - 9)
-11
What is (43 - 23) + (-8 - 2) + -3 + -1?
6
Calculate 6 - (9 + -7 + (-2 - 3) + -13).
22
(10 - (-66 - -30)) + -30
16
What is 43 + -47 + 1 + (-1 - 4)?
-8
What is the value of -6 - (10 + -7 - 14)?
5
What is -60 + 11 + 32 - (1 - -14)?
-32
What is -2 + 3 + -4 - (-264 - -251)?
10
Calculate (-8 - (14 - 29)) + -23.
-16
Evaluate 47 - 65 - (-13 - -1).
-6
Calculate 9 + (-3 - 4) - (-8 - 6 - 4).
20
Calculate (-7 - (4 + 1 + -10)) + 4 + 3.
5
What is 33 + -22 + 8 - 1?
18
What is the value of (-20 - (0 + -16)) + (7 - (0 - 2))?
5
Calculate -1 - ((67 - 52) + (-1 + -8 - -1)).
-8
-19 + 10 + 6 + -4 - (0 - -1)
-8
20 - (5 - (0 - -1))
16
4 + -1 + (-4 - 8) + 16
7
Evaluate 17 - 29 - (5 + -9 + -4).
-4
What is 10 - ((9 - 6) + 4)?
3
What is the value of -5 + 3 + 2 + -1 + 0 + -9?
-10
What is -7 - (7 + 0 + (11 - 23))?
-2
Evaluate (8 - (0 + 12 - 0)) + 16.
12
What is -42 - -48 - (-1 + 0 - -3)?
4
Evaluate 140 - 121 - (-4 + 43) - (1 - 1).
-20
What is -1 + -8 - (-46 + (11 - 2 - -2))?
26
Evaluate (-4 - -14) + (-20 - -3) + -1 + 35.
27
(-39 + 26 - (-1 + -18)) + -4 + -1
1
What is 11 + (-12 - -10) - 17?
-8
-6 + (-14 + 3 - -12) - (-11 + -7)
13
-1 - 16 - -2 - (-2 + -2 + 1)
-12
Evaluate 0 + -1 - ((0 + -1 - -1) + -3).
2
(-4 - -3 - 1) + (16 + -1 - 7)
6
What is -1 - 3 - (3 - (6 + 3) - -2)?
0
Evaluate -19 + (10 + (-10 - -3) + -10 - -1).
-25
What is the value of 25 + -35 - (-3 + (-2 - 3))?
-2
What is -4 - (21 - (-8 - -20))?
-13
Evaluate -3 - (21 + (-20 - -4)).
-8
-10 + 13 - -21 - 45
-21
What is 0 - (33 + -41 + 0)?
8
What is (0 - 4) + -54 + -10 + 74?
6
Evaluate -11 + -1 + -2 + 3 + -6.
-17
What is -2 + 5 - (-13 - (-12 - 12))?
-8
(-3 + 3 - (26 + -34)) + -20
-12
Evaluate 180 - 178 - (0 - -13).
-11
What is the value of -4 - -3 - (-18 + (-5 + 11 - -2))?
9
What is the value of (-54 - 24) + 29 + 35?
-14
Evaluate -29 + 8 + 4 + (7 - (-9 + 17)).
-18
Calculate 47 + -41 + -2 + (4 - -1).
9
-40 - (0 + -32) - 7
-15
Evaluate 4 + 2 + -8 + 7.
5
Calculate -18 - (10 - 17) - (-1 - 2).
-8
Evaluate (-11 - 11 - -19) + -6.
-9
What is 0 + 18 - (-127 + 131)?
14
Evaluate -179 + 183 - (-1 - 0 - -2).
3
Calculate 12 - 2 - (1 + -4) - (-1 - -5).
9
Calculate (6 - 11) + -7 + 10 + -13.
-15
0 + (-3 - (7 - 4 - 6)) - -2
2
What is 5 - -6 - 3 - -10?
18
Calculate 1 - 40 - ((-541 - -516) + -1 + 25).
-38
Calculate -1 + 6 + (-22 - -2 - -8).
-7
What is the value of 28 - (-18 + 26) - 19?
1
Calculate 1 + (5 - -3 - (1 + -1)).
9
Calculate 18 + -3 - (34 + -6).
-13
What is 3 + (2 + -3 - 7)?
-5
What is the value of -16 - -3 - (-1 + (-5 - 23))?
16
What is the value of (55 - (15 - 2)) + -46?
-4
Evaluate (3 + 4 + -3 - -2) + 16 + -14.
8
(13 - 14) + (-1 + -4 - 1) + 1
-6
What is 0 - -3 - (-4 + (1 - (-5 + -6)))?
-5
What is the value of 7 + -4 + -2 + 2 + -8?
-5
11 + -17 + -5 + -5
-16
What is the value of -24 - (0 + (-23 - -2))?
-3
Evaluate 13 - (24 + -9 + -1).
-1
Evaluate (-4 - -10) + 1 - (-4 - -23).
-12
Calculate (15 + 0 - (-8 + 10)) + (362 - 368).
7
7 + -18 + 47 - (16 + -3)
23
What is the value of 3 + 1 - (36 + -8 + -16 - 16)?
8
What is (17 - 4 - 14) + (-10 - -2) + 3?
-6
Evaluate 2 + (6 - 5) + -10.
-7
What is the value of -5 + 8 + -3 - 0 - (-16 + 13)?
3
107 - 115 - (2 + (0 - -1))
-11
20 - ((-24 + 9 - -7) + 13 + -2)
17
(-3 - -2) + 3 - (-2 - 4)
8
24 - 23 - (1 - 9) - 26
-17
Evaluate -3 + 1 + 1 - 11.
-12
3 - 3 - ((-72 - -80) + 0 + 1)
-9
Calculate 7 + -12 - -5 - 0.
0
What is the value of 18 + (11 - (6 - -2)) + (8 - 4)?
25
What is (0 - (26 + 9)) + 59?
24
What is -14 - ((-38 - -12) + 0)?
12
What is the value of 58 - (3 + 16) - 64?
-25
What is the value of 13 + -43 + 12 + 2?
-16
What is -9 + 6 + 10 + 50 + -34?
23
Calculate 24 + -10 + -13 - (-1 + (-1 - 2)).
5
Evaluate -12 + (-6 + 3 - -4) - (89 - 92).
-8
What is the value of -18 + 36 - (49 + 3 + -5)?
-29
What is the value of -6 + (0 - 2) - -1 - -19?
12
Evaluate 3 + -2 + 1 + (0 - -7).
9
What is the value of 2 - (-6 + 14 + (-4 - (6 - 6)))?
-2
What is the value of -3 + (4 - (4 + -6) - (7 + 6))?
-10
1 + -2 + (-5 - (1 + -5) - -3)
1
16 - (-15 + 8 + 8)
15
Evaluate (14 - (-9 + (0 - -17))) + 2.
8
Calculate 2 + -2 - (-5 - -4) - (-46 + 42).
5
Calculate 6 - -5 - (15 + -12).
8
What is -25 + 55 + -31 - (2 - 4)?
1
What is -8 + 4 + -1 + -13 + 17?
-1
What is 16 - (5 + (8 - (-9 - -23)))?
17
What is (18 - (31 - 18)) + (1 - 0)?
6
Evaluate 9 - (13 + 12 + 2).
-18
What is the value of -3 + 1 - (-49 - -63)?
-16
What is the value of (-12 - -4) + 23 + -36 - -9?
-12
-13 - ((-18 - -17) + -24)
12
Evaluate -4 - (-16 - -2) - (8 + -2).
4
What is the value of 11 + -3 + 16 + 9?
33
What is the value of -12 - (17 - 9 - 15)?
-5
Calculate 159 + -153 - (1 + -2 + 0 + -3).
10
Evaluate 1 - -4 - (829 - 847).
23
Evaluate (12 - (3 + 2)) + 3 + 3 + -5.
8
What is -15 - (3 + (-84 - -86 - (-1 + 6)))?
-15
What is the value of 9 + -4 + 2 - 9 - (3 + -15)?
10
Evaluate -4 + (13 - 9) - (-4 + 17).
-13
What is (0 + 12 + -14 - -1) + -1?
-2
Calculate 18 - (-11 - (-11 + -3)).
15
-1 - (-1 + (-7 - -7)) - -5 - 11
-6
(5 + 2 - 14) + 4
-3
What is (-35 + 33 - (4 - -1)) + 9 + -2?
0
Evaluate 9 + (0 + -5 - 7).
-3
Evaluate 13 + (11 + -6 - 7).
11
Calculate 3 + -1 - (0 + 10).
-8
(8 - -1) + (-21 - 3 - (24 - 36))
-3
0 + (8 - 7) - (-37 - -24)
14
What is the value of -6 - ((-4 - (-5 - -8)) + 1)?
0
Evaluate -4 - (-1 + (-3 - -12)) - 9.
-21
5 - ((-4 - -15) + 3)
-9
Evaluate -3 - 9 - (-46 + 27).
7
Evaluate (21 - 13) + 4 - (-23 + 12).
23
What is (-9 - 2) + -147 + 142?
-16
(10 + 1 + -50 - -9) + 11 + -15
-34
Evaluate 97 - 114 - (-3 - -4 - 1 - 8).
-9
(4 - -11) + (41 - 63)
-7
Calculate 20 + -8 + -5 - 4 - 15.
-12
14 - (36 + -17 + -4)
-1
-20 - ((11 - 4) + -9 - (0 + 4))
-14
What is -14 - -19 - 14 - -21?
12
Calculate -3 - (-16 - -17 - 22).
18
What is (-25 - -7 - -13) + 0 + 5 - 18?
-18
Evaluate (4 - (7 - (6 - 4))) + 5.
4
Calculate 25 - (-6 + 43 + -20).
8
What is the value of -1 + -3 + (-3 - 0) + (1 - 7)?
-13
What is 40 - (76 + -55 + 37)?
-18
(-6 - (3 + -3)) + 2 + -15
-19
What is the value of (-1 - 28) + (42 - 59) + 33?
-13
Calculate 24 + (-9 - ((-9 - -8) + -10)).
26
Evaluate 14 + -16 + 5 - -13.
16
What is -2 + 3 - 4 - (113 - 107)?
-9
What is the value of -6 - (-11 + 5 + -12 + 0)?
12
What is the value of 5 - (6 + -3 - -14)?
-12
Evaluate -16 - (3 + -4 + (-39 - -30)).
-6
Evaluate (1 - 2) + -1 + 1 - (1 - 0).
-2
Evaluate (4 + 1 - (-19 + 19)) + -14 + 40.
31
What is (-12 - -44) + -40 - -7?
-1
Evaluate -2 + -1 + -8 - (529 + -542).
2
What is the value of (7 - (-2 + -23)) + -17?
15
What is (-2 - 10) + 12 + -1 + -5?
-6
Evaluate -115 + 132 - (2 + -4).
19
Calculate 2 + -8 + (83 - 50) + 0 + -8.
19
What is 12 - (-2 - 1) - (-657 + 674)?
-2
Evaluate -7 + 1 + 3 + 3.
0
Calculate (-23 + (3 + -2 - -10) - -8) + 3.
-1
Calculate (-22 - (-19 - 5)) + -12.
-10
What is 6 - (-1 - (7 + 7 + -10)) - -11?
22
What is (-16 - -4) + 13 + 3 + -2?
2
What is (-16 - -50 - -5) + (-10 - 4)?
25
What is 1 + 5 + (-19 - -12 - -1)?
0
What is 727 + -739 - (19 + -1)?
-30
What is the value of 0 + 2 + 14 - ((-24 - -20) + 10)?
10
Evaluate 5 + -1 - (-318 - -320).
2
What is -1 + (15 + 1 - 39)?
-24
What is (4 - (0 + 1) - (-656 - -667)) + -18?
-26
Calculate -5 + 1 + 27 + -12 + 2.
13
(-19 - (-7 - -7 - 5)) + -2
-16
What is the value of (-1 - -1 - (0 + -6)) + -478 + 488?
16
What is 13 + (-8 - -39 - 84)?
-40
Calculate 1919 + -1914 - (13 + -1).
-7
41 - 15 - (126 - 93)
-7
What is the value of 15 + 3 + -5 + 5 - 9?
9
What is the value of -12 - -8 - (-1 - ((-2 - 2) + -2))?
-9
What is -16 - (5 - 6) - 1 - (-5 - 1)?
-10
Evaluate 7 + -19 + 2 + 4 + 0 + 15.
9
